vided by 97?
40
Calculate the remainder when 239685 is divided by 300.
285
Calculate the remainder when 20083864 is divided by 20083860.
4
What is the remainder when 13318206 is divided by 600?
6
What is the remainder when 1477043 is divided by 163988?
1151
What is the remainder when 131150 is divided by 21559?
1796
Calculate the remainder when 44767 is divided by 1479.
397
Calculate the remainder when 462769 is divided by 528.
241
Calculate the remainder when 51797766 is divided by 75.
66
What is the remainder when 1060485 is divided by 350?
335
What is the remainder when 81023763 is divided by 2433?
2430
Calculate the remainder when 580243 is divided by 20708.
419
What is the remainder when 1032108 is divided by 515991?
126
What is the remainder when 279573 is divided by 55861?
268
What is the remainder when 19360607 is divided by 1803?
1796
What is the remainder when 2437338 is divided by 1218659?
20
What is the remainder when 33498972 is divided by 2584?
2580
Calculate the remainder when 1431696 is divided by 110128.
32
Calculate the remainder when 15015602 is divided by 400.
2
Calculate the remainder when 554711 is divided by 2032.
2007
Calculate the remainder when 60611800 is divided by 17021.
19
What is the remainder when 2029280193 is divided by 1093?
1091
What is the remainder when 39349567 is divided by 32?
31
What is the remainder when 5748756 is divided by 801?
780
Calculate the remainder when 1615867 is divided by 3829.
29
What is the remainder when 207303 is divided by 813?
801
What is the remainder when 17597549 is divided by 589?
585
What is the remainder when 1543810 is divided by 2586?
2554
What is the remainder when 901507 is divided by 1350?
1057
What is the remainder when 82350 is divided by 5395?
1425
Calculate the remainder when 122523 is divided by 1571.
1556
What is the remainder when 309624 is divided by 77350?
224
Calculate the remainder when 4016600 is divided by 234.
224
What is the remainder when 1024240 is divided by 1511?
1293
Calculate the remainder when 4574463 is divided by 4574455.
8
What is the remainder when 103840962 is divided by 2036097?
15
Calculate the remainder when 6684773 is divided by 840.
53
Calculate the remainder when 1637434 is divided by 107.
13
Calculate the remainder when 40278 is divided by 13419.
21
Calculate the remainder when 155497 is divided by 25328.
3529
What is the remainder when 57358891 is divided by 3058?
3043
Calculate the remainder when 110998 is divided by 1709.
1622
What is the remainder when 1875157 is divided by 40?
37
Calculate the remainder when 280925 is divided by 140436.
53
What is the remainder when 347682 is divided by 115778?
348
What is the remainder when 35887611 is divided by 13?
6
What is the remainder when 356162 is divided by 52?
14
Calculate the remainder when 27390 is divided by 4723.
3775
Calculate the remainder when 163232665 is divided by 16.
9
What is the remainder when 588093 is divided by 230?
213
What is the remainder when 1336158 is divided by 771?
15
Calculate the remainder when 357096 is divided by 32303.
1763
Calculate the remainder when 3136806 is divided by 686.
414
Calculate the remainder when 3820737 is divided by 42.
39
Calculate the remainder when 220197 is divided by 3805.
3312
Calculate the remainder when 22832386 is divided by 1467.
1465
Calculate the remainder when 378603 is divided by 2180.
1463
What is the remainder when 1032459 is divided by 9?
6
What is the remainder when 116611 is divided by 129?
124
Calculate the remainder when 523892 is divided by 20953.
67
What is the remainder when 594750 is divided by 22022?
156
What is the remainder when 1047672 is divided by 1408?
120
What is the remainder when 1625510 is divided by 125002?
484
What is the remainder when 1354894 is divided by 8636?
7678
What is the remainder when 2788825 is divided by 99600?
25
What is the remainder when 12980611 is divided by 190?
1
Calculate the remainder when 1324089 is divided by 307.
305
Calculate the remainder when 281127 is divided by 3320.
2247
Calculate the remainder when 2044992 is divided by 163.
157
Calculate the remainder when 6419141 is divided by 107.
104
What is the remainder when 1239838 is divided by 1845?
1843
What is the remainder when 8257792 is divided by 14?
4
What is the remainder when 338850 is divided by 168?
162
Calculate the remainder when 103990 is divided by 2310.
40
Calculate the remainder when 130052 is divided by 130013.
39
What is the remainder when 123913 is divided by 159?
52
Calculate the remainder when 653430 is divided by 653050.
380
Calculate the remainder when 147208126 is divided by 1538.
1532
Calculate the remainder when 1942815 is divided by 826.
63
Calculate the remainder when 1691900 is divided by 140990.
20
Calculate the remainder when 38668 is divided by 1577.
820
Calculate the remainder when 8463 is divided by 2440.
1143
Calculate the remainder when 6132124 is divided by 273.
271
Calculate the remainder when 1258521 is divided by 26.
17
Calculate the remainder when 495660921 is divided by 396.
393
Calculate the remainder when 11906134 is divided by 18.
16
Calculate the remainder when 399540 is divided by 13.
11
What is the remainder when 16877981 is divided by 5625988?
17
What is the remainder when 65648408 is divided by 172?
136
Calculate the remainder when 51776255 is divided by 96.
95
What is the remainder when 87118 is divided by 1869?
1144
Calculate the remainder when 35488 is divided by 6700.
1988
Calculate the remainder when 293019 is divided by 36513.
915
Calculate the remainder when 3680 is divided by 3132.
548
What is the remainder when 2026039 is divided by 1013001?
37
What is the remainder when 197684 is divided by 5320?
844
Calculate the remainder when 13353 is divided by 12442.
911
What is the remainder when 2037391 is divided by 6269?
6235
Calculate the remainder when 43896 is divided by 43857.
39
Calculate the remainder when 21248547 is divided by 20256.
3
What is the remainder when 340572 is divided by 633?
18
Calculate the remainder when 327394 is divided by 163524.
346
Calculate the remainder when 1818453 is divided by 199.
190
What is the remainder when 36299863 is divided by 6822?
1
Calculate the remainder when 43340597 is divided by 441.
440
What is the remainder when 43133 is divided by 43086?
47
Calculate the remainder when 9822 is divided by 1817.
737
Calculate the remainder when 631239 is divided by 1094.
1
What is the remainder when 38175 is divided by 359?
121
Calculate the remainder when 51617 is divided by 25216.
1185
What is the remainder when 8768511 is divided by 45?
36
What is the remainder when 970135 is divided by 283?
11
Calculate the remainder when 78776 is divided by 39300.
176
Calculate the remainder when 45203996 is divided by 76747.
13
Calculate the remainder when 52019 is divided by 1050.
569
What is the remainder when 33769 is divided by 3373?
39
What is the remainder when 176771 is divided by 5049?
56
Calculate the remainder when 4243157 is divided by 2334.
2279
Calculate the remainder when 2483591 is divided by 827820.
131
Calculate the remainder when 3290 is divided by 2766.
524
Calculate the remainder when 49093 is divided by 8121.
367
What is the remainder when 263960230 is divided by 23?
17
What is the remainder when 2379973 is divided by 113?
80
Calculate the remainder when 16501162 is divided by 133.
118
Calculate the remainder when 83813390 is divided by 5.
0
What is the remainder when 106942085 is divided by 8?
5
Calculate the remainder when 2562171 is divided by 2562166.
5
Calculate the remainder when 12640 is divided by 12293.
347
What is the remainder when 5195135 is divided by 1731707?
14
Calculate the remainder when 101678 is divided by 25380.
158
What is the remainder when 138188 is divided by 1842?
38
Calculate the remainder when 1469330 is divided by 236.
230
What is the remainder when 2610584 is divided by 2610584?
0
What is the remainder when 10652387 is divided by 1065233?
57
Calculate the remainder when 9177838 is divided by 378.
376
What is the remainder when 5873196 is divided by 6782?
6766
What is the remainder when 17436099 is divided by 87?
81
What is the remainder when 573373 is divided by 143278?
261
What is the remainder when 674349